8?
10
Calculate the remainder when 2710950 is divided by 22.
0
Calculate the remainder when 481478 is divided by 12670.
18
Calculate the remainder when 247068665 is divided by 45392.
9
Calculate the remainder when 15159 is divided by 3253.
2147
What is the remainder when 529841 is divided by 369?
326
What is the remainder when 198662 is divided by 4966?
22
What is the remainder when 1005301 is divided by 502590?
121
Calculate the remainder when 3363 is divided by 1285.
793
What is the remainder when 3041877 is divided by 60?
57
What is the remainder when 4937611 is divided by 149?
49
What is the remainder when 2394369 is divided by 2159?
38
What is the remainder when 1037886 is divided by 2569?
10
Calculate the remainder when 4876 is divided by 843.
661
What is the remainder when 19899535 is divided by 922?
9
Calculate the remainder when 46115 is divided by 2133.
1322
Calculate the remainder when 11824391 is divided by 691.
690
Calculate the remainder when 207282 is divided by 1120.
82
What is the remainder when 83641554 is divided by 6176?
6162
What is the remainder when 11745469 is divided by 1142?
1141
Calculate the remainder when 46472 is divided by 304.
264
Calculate the remainder when 18581 is divided by 2645.
66
Calculate the remainder when 799206 is divided by 653.
587
Calculate the remainder when 12565 is divided by 752.
533
What is the remainder when 94145 is divided by 298?
275
What is the remainder when 56810619 is divided by 1799?
1797
What is the remainder when 41155 is divided by 62?
49
What is the remainder when 2223224 is divided by 356?
4
Calculate the remainder when 250849 is divided by 284.
77
What is the remainder when 26945 is divided by 4070?
2525
What is the remainder when 1130613 is divided by 1130613?
0
What is the remainder when 442113 is divided by 136?
113
What is the remainder when 1167109 is divided by 6744?
397
Calculate the remainder when 39355 is divided by 2843.
2396
Calculate the remainder when 8618406 is divided by 67.
62
What is the remainder when 108601 is divided by 108076?
525
Calculate the remainder when 59187 is divided by 891.
381
Calculate the remainder when 496509 is divided by 114.
39
What is the remainder when 16567590 is divided by 11371?
43
Calculate the remainder when 5282605 is divided by 469.
258
Calculate the remainder when 2597113 is divided by 1861.
1018
Calculate the remainder when 115880 is divided by 57121.
1638
Calculate the remainder when 823524 is divided by 7.
2
Calculate the remainder when 717070 is divided by 466.
362
What is the remainder when 1986875 is divided by 3015?
3005
Calculate the remainder when 165056891 is divided by 78.
77
What is the remainder when 222863 is divided by 222814?
49
What is the remainder when 107711 is divided by 30?
11
Calculate the remainder when 5007977 is divided by 2503963.
51
Calculate the remainder when 8471745 is divided by 164.
161
Calculate the remainder when 2483905 is divided by 1283.
17
What is the remainder when 500836 is divided by 124?
0
Calculate the remainder when 575518 is divided by 39.
34
Calculate the remainder when 12754842 is divided by 4251606.
24
Calculate the remainder when 7171282 is divided by 581.
580
Calculate the remainder when 492016 is divided by 37814.
434
Calculate the remainder when 882987 is divided by 294324.
15
What is the remainder when 34949244 is divided by 1626?
0
Calculate the remainder when 51642805 is divided by 1319.
1317
Calculate the remainder when 1233294 is divided by 616636.
22
Calculate the remainder when 14797109 is divided by 14797106.
3
What is the remainder when 9912277 is divided by 187?
155
Calculate the remainder when 280830 is divided by 5223.
4011
Calculate the remainder when 15157379 is divided by 14179.
28
What is the remainder when 923596 is divided by 502?
418
Calculate the remainder when 17275873 is divided by 478.
475
Calculate the remainder when 73747 is divided by 11264.
6163
What is the remainder when 410265 is divided by 51283?
1
Calculate the remainder when 54021473 is divided by 24.
17
What is the remainder when 4465318 is divided by 10657?
35
Calculate the remainder when 13861359 is divided by 1260117.
72
What is the remainder when 7292375 is divided by 549?
8
What is the remainder when 1826612 is divided by 472?
444
Calculate the remainder when 135277 is divided by 135085.
192
Calculate the remainder when 80045 is divided by 12250.
6545
Calculate the remainder when 219387 is divided by 54279.
2271
What is the remainder when 117039168 is divided by 27?
0
What is the remainder when 2070221 is divided by 516?
29
Calculate the remainder when 6783530 is divided by 30.
20
What is the remainder when 493911 is divided by 270?
81
Calculate the remainder when 181023 is divided by 180901.
122
What is the remainder when 148517 is divided by 4648?
4429
Calculate the remainder when 585158 is divided by 195042.
32
What is the remainder when 2653655 is divided by 153?
23
What is the remainder when 161166 is divided by 389?
120
What is the remainder when 4737822 is divided by 355?
347
What is the remainder when 11834124 is divided by 105?
99
Calculate the remainder when 51884 is divided by 748.
272
Calculate the remainder when 5059928 is divided by 269.
38
Calculate the remainder when 2627377 is divided by 163.
143
What is the remainder when 2516651 is divided by 1605?
11
What is the remainder when 115477 is divided by 115470?
7
Calculate the remainder when 3314867 is divided by 883.
85
Calculate the remainder when 345787 is divided by 2558.
457
What is the remainder when 80877688 is divided by 59?
16
What is the remainder when 107458 is divided by 516?
130
Calculate the remainder when 7001757 is divided by 134.
123
Calculate the remainder when 143147 is divided by 70318.
2511
What is the remainder when 2281681 is divided by 39?
25
Calculate the remainder when 13032237 is divided by 29959.
72
Calculate the remainder when 329013 is divided by 74.
9
Calculate the remainder when 26424034 is divided by 59.
58
Calculate the remainder when 929520 is divided by 220.
20
What is the remainder when 1281910 is divided by 23739?
4
Calculate the remainder when 70278378 is divided by 59.
56
Calculate the remainder when 102294 is divided by 16432.
3702
Calculate the remainder when 1084002 is divided by 60.
42
Calculate the remainder when 3978639 is divided by 1587.
30
Calculate the remainder when 120450 is divided by 407.
385
Calculate the remainder when 4635827 is divided by 4.
3
What is the remainder when 1338558135 is divided by 306?
303
What is the remainder when 68198255 is divided by 2436?
2435
What is the remainder when 59075 is divided by 7829?
4272
Calculate the remainder when 47634 is divided by 15346.
1596
What is the remainder when 46604251 is divided by 5825522?
75
Calculate the remainder when 315727 is divided by 1064.
783
Calculate the remainder when 20104795 is divided by 409.
400
Calculate the remainder when 2777740 is divided by 2039.
622
Calculate the remainder when 1115677 is divided by 22313.
27
Calculate the remainder when 51581 is divided by 1136.
461
What is the remainder when 42220 is divided by 42197?
23
What is the remainder when 84578962 is divided by 174?
172
What is the remainder when 4559627 is divided by 2279598?
431
What is the remainder when 20208278 is divided by 3571?
3560
What is the remainder when 349620 is divided by 349596?
24
What is the remainder when 1532283645 is divided by 9851?
9850
Calculate the remainder when 496400343 is divided by 78.
75
Calculate the remainder when 124675 is divided by 4024.
3955
Calculate the remainder when 2083917 is divided by 15211.
10
What is the remainder when 844509 is divided by 241?
45
Calculate the remainder when 2720343 is divided by 376.
359
Calculate the remainder when 10266378 is divided by 6581.
18
Calculate the remainder when 15090114 is divided by 582.
18
Calculate the remainder when 5632670 is divided by 352040.
30
Calculate the remainder when 1593078 is divided by 139.
138
What is the remainder when 96444226 is divided by 1506941?
2
Calculate the remainder when 2406142 is divided by 481116.
562
What is the remainder when 423972 is divided by 1447?
1
What is the remainder when 4996844 is divided by 1249210?
4
What is t